and p.
12
Let a = 999 + -972. What is the greatest common factor of a and 11961?
27
Let i = 48080 + -24342. What is the highest common factor of i and 286?
286
Let x = 59 - 49. Let t(k) be the second derivative of k**4/12 - 7*k**3/6 - 17*k**2/2 + 23*k. Let w be t(x). What is the greatest common factor of 65 and w?
13
Suppose 0 = 4*p - 2*q - 2492, -15*p + 3740 = -9*p - 2*q. What is the greatest common factor of p and 44?
4
Suppose 3*a = 4*s + 6, 4*a + s = -0 + 8. Let m(g) = 4 - 8*g - 4 - 4 + g**a + 3. Let v be m(9). Calculate the highest common factor of 64 and v.
8
Let n(o) = 10*o**2 - 2*o - 4. Let l be n(-4). Suppose -3*t + l = -133. Suppose 260 = 7*k + 183. What is the highest common divisor of t and k?
11
Suppose -5*d + 13 + 72 = 0. Suppose -3*x = -2*x - d. Suppose 13 = 5*q - 157. What is the highest common divisor of x and q?
17
Let s = 33 + -22. Let y = 17 + s. Suppose -5*f + 8*x = 3*x - 70, 4*f + 3*x = y. Calculate the highest common factor of f and 30.
10
Let o(p) = -399*p - 2013. Let z be o(-11). What is the highest common divisor of 2 and z?
2
Let z be (-241)/3*1 - 8/12. Let p be (-5)/(5/2)*(z - -1). Let r = p - 94. Calculate the greatest common factor of 11 and r.
11
Let u(x) = 55*x + 4411. Let a be u(-13). What is the highest common divisor of a and 288?
48
Suppose -5*p + 4*x = -1963, 13*x = 4*p + 12*x - 1566. What is the greatest common divisor of 3749 and p?
23
Let j be ((-2)/(-4))/(-2 - 25/(-10)). Suppose 0 = 3*k - 19 + j. Let d(t) = 4*t + 1. Let w be d(k). What is the greatest common divisor of 10 and w?
5
Let x(c) = 8*c**3 + c**2 - c + 3. Let m be x(3). Suppose -5*w + m = 635. Let o = w - -169. Calculate the greatest common divisor of o and 58.
29
Let s = 16 + -13. Let a be s/(6/14)*14. Suppose -24*f + 373 - 37 = 0. Calculate the greatest common factor of a and f.
14
Let m = -3766 + 4091. Calculate the greatest common factor of 26 and m.
13
Suppose 2*h - 4*h - 94*h = -7584. Calculate the highest common factor of h and 3871.
79
Let j(u) = u**3 - 24*u**2 + 27*u + 91. Let o be j(23). Let g be o/6 - (33/(-6) - -4). Calculate the greatest common divisor of 32 and g.
32
Suppose -1 = -2*t + 29. Suppose -19 = -2*a - t. Suppose -2*x - 15 = 2*v - 209, 3*v - 195 = -a*x. What is the highest common factor of x and 24?
24
Suppose 33*l - 2409 = -0*l. Calculate the greatest common divisor of l and 511.
73
Let k be ((-3)/1 - -96)*-75*28/(-126). What is the greatest common divisor of 496 and k?
62
Suppose -22*i - 304 = -26*i. Let t(b) = b + 8. Let u be t(-6). Suppose u*l + 26 = 5*k + i, -l + 3*k + 27 = 0. What is the highest common divisor of l and 105?
15
Let w = -2683 + 4737. Calculate the highest common factor of 158 and w.
158
Let r = -191 + 659. Suppose 11*o + o - r = 0. Calculate the greatest common factor of 78 and o.
39
Let r = -735 + 756. Suppose r*v - 64 = 5*v. Calculate the greatest common factor of v and 116.
4
Suppose 0 = -2*c + 27*a - 22*a + 160, 4*c - 344 = -2*a. What is the greatest common divisor of c and 391?
17
Let n = -25 - -22. Let j be (n - -6 - -3) + -4. Suppose 6*z - z - 14 = -j*t, 8 = -t + 5*z. Calculate the highest common factor of 2 and t.
2
Suppose 915 + 37 = 14*b. What is the greatest common factor of b and 544?
68
Let a = 208 + -149. Let i = -41 + a. Suppose 225191*p = 225223*p - 288. What is the greatest common divisor of p and i?
9
Let k be (-3768)/(-42) + ((-24)/14 - -2). Suppose 2*o = 5*l - 72, -3*o + 0*l + 3*l = k. Let w = o - -32. What is the greatest common factor of 4 and w?
2
Let g = 26070 + -15248. What is the greatest common divisor of 14 and g?
14
Suppose -8*p + 7*p + 112 = 0. Suppose j + 2*u + u - p = 0, 0 = 3*j + u - 368. Let z be (-7)/(-21) - j/(-6). Calculate the highest common divisor of 147 and z.
21
Let u be -2*(0 - 4/(-8)). Let r(h) = 90*h**2 + 18*h + 18. Let o be r(u). What is the highest common divisor of o and 60?
30
Let b be (73140/1855)/(4/14). What is the highest common divisor of b and 4324?
46
Let b = -6773 - -6829. Calculate the highest common divisor of b and 32.
8
Suppose -950 = 10*k - 990. Calculate the greatest common divisor of k and 256.
4
Suppose d - 5*d + 176 = 0. Let n = 1688 - 1534. What is the greatest common divisor of d and n?
22
Let t(x) = -2*x + 34. Let r be t(-14). Let a = 17 - r. Let f = 72 + a. Calculate the highest common factor of 9 and f.
9
Let r = 3593 + -2649. Calculate the greatest common divisor of 4 and r.
4
Let p(f) = f**3 - 7*f**2 - 6*f - 13. Let t be p(8). Suppose -4*y - 2*h = -458, 0 = t*h - 3. Let o = -11 + 87. What is the highest common divisor of y and o?
38
Suppose t + 87*m - 82*m = 110, 2*t = 3*m + 142. Let k(o) = o**2. Let f be k(8). What is the greatest common divisor of t and f?
16
Let i(x) = 1157*x - 346. Let y be i(16). What is the greatest common factor of 62 and y?
62
Let l be (-282)/42 - (6/14 - (-10)/(-70)). Let q(k) = -7*k - 4. Let b be q(-5). Let h = b + l. What is the highest common divisor of 16 and h?
8
Let u(w) = 25*w - 67. Let h be u(8). Let m = h - 105. Calculate the greatest common factor of 14 and m.
14
Suppose -2838 = -17*c - 5*c. Let r = -115 + c. Calculate the highest common factor of r and 238.
14
Let m(y) = 330*y - 767. Let k be m(10). Calculate the greatest common factor of 3129 and k.
149
Suppose -161 = -3*x + 154. Let u = 648 - 648. Suppose 5*a + 0*d - 5*d - 130 = u, -4*d + 22 = 2*a. Calculate the greatest common divisor of x and a.
21
Suppose 2*m + 10 = 0, 3*z - 2*m + 64 = -4*m. Let b(t) = t**3 + 19*t**2 + 18*t + 28. Let f be b(z). Calculate the highest common divisor of f and 224.
28
Let s = 6856 + -6506. What is the greatest common divisor of 2310 and s?
70
Suppose 2*o + 2*p - 27 = -15, 6 = -3*o + 5*p. Let c = 4 + 1. Suppose -3*k = -o*g + k + 51, c*g - 53 = -4*k. What is the greatest common factor of g and 39?
13
Let r be (-360)/(-44) - (-94)/(-517). What is the greatest common factor of 222 and r?
2
Let y(t) = t**3 + 12*t**2 - 10*t + 5. Let v be y(-7). Suppose -12*u = -71 - 169. What is the greatest common factor of u and v?
20
Let b be (12/4)/((-1)/4). Let k = b + 22. Suppose 2*r - 60 = -r. What is the greatest common factor of r and k?
10
Let u(b) = -b + 1. Let q be u(-6). Let g(t) = 8*t - 5. Let k be g(q). Let f be (k*-3)/(3/(-3)). What is the highest common divisor of 17 and f?
17
Suppose -5*d + 650 = -a, 5*a - 475 = -5*d + 145. Calculate the greatest common divisor of 9804 and d.
129
Suppose -97*x + 22667 - 6177 = 0. Calculate the greatest common divisor of x and 40.
10
Let f(r) = -r**3 - 23*r**2 + 25*r - 6. Let u be f(-25). What is the greatest common divisor of u and 1?
1
Let d(a) = -a - 3. Let t be d(2). Let m(s) = s**2. Let f be m(t). Suppose 2*i + 3*i = f, -2*i = h - 15. Calculate the highest common factor of 80 and h.
5
Let d(k) = 4*k**3 + 20*k**2 - 14*k + 8. Let z be d(-5). Calculate the highest common factor of z and 12.
6
Let b(s) = 4*s**2 - 4*s + 1. Let c be b(-5). Let f = c - 91. Suppose 292 + 8 = 2*r. What is the highest common factor of r and f?
30
Let a(u) = 11*u - 63. Let h be a(6). Suppose h*l - 36 = -f + 56, f = 4*l - 132. Calculate the highest common divisor of l and 1.
1
Let w be -9*10/(-1035) + 402/414*3. Let o be (-41)/((-3)/18*2). Calculate the highest common factor of o and w.
3
Let m = 32 - 32. Let d be m - (-86)/(-4)*-2. Let x = -39 + d. What is the greatest common divisor of x and 4?
4
Let m = 4361 + -4325. Calculate the highest common factor of 840 and m.
12
Let j(q) = 21*q**2 - 86*q - 641. Let d be j(-7). What is the highest common divisor of d and 440?
110
Suppose -4*j - j = -w - 1176, 4*j = 3*w + 943. Suppose 25*m - 3474 = -1124. What is the greatest common divisor of j and m?
47
Let n = -110 + 122. Suppose -n*x - 3*x + 600 = 0. What is the greatest common factor of 24 and x?
8
Let w = -29 + 31. Suppose v = -5*s - 0*v + 23, -v + 11 = w*s. Let r be 1038/9 + s + (-2)/(-3). What is the greatest common factor of 15 and r?
15
Let l = 7152 + -5656. What is the greatest common factor of 88 and l?
88
Let m(y) = 6 + 7*y**3 - 6*y**3 - 24*y + 12*y**2 - 6*y**2 + 15*y**2. Let r be m(-22). What is the greatest common divisor of 10 and r?
10
Suppose 2*w + 230 = 7*w. Let n = w + -2. Let o = n - 21. What is the highest common factor of 253 and o?
23
Suppose 4*t = -5*f + 2898, 2*f - 457 = 5*t + 689. C